ppose -12*y - 14807 = -29*y. What is the tens digit of y?
7
Let t = -1 - -1. Suppose 2*g - 32 - 10 = t. What is the tens digit of g?
2
Let p = 11 - -667. What is the hundreds digit of p?
6
What is the thousands digit of -12 + -1 - (-4405 - 0)?
4
Suppose -2*z = r + 1942, -z - z - 1948 = -2*r. Let b(g) = -g**2 - 6*g - 7. Let l be b(-5). What is the tens digit of z/(-20) - l/5?
4
Let q be (-2 + 0)/((-24)/(-36)). Let l be (1 + 9)/(q - -5). Suppose 0 = 5*j - l. What is the units digit of j?
1
Let r = -1 - -13. Suppose 28*t = 31*t - r. Suppose 0*y = -y + 5, 327 = t*m + 3*y. What is the tens digit of m?
7
Suppose 5*i + 4 = -6, -4*x - 2*i = -3472. What is the units digit of x?
9
Suppose -2*f - 6048 = -6*f + 2*m, -4*f = 5*m - 6048. What is the units digit of f?
2
Let z(c) = c - 25. Let l be z(19). Let x(j) = j**3 + 6*j**2 + 2*j + 10. Let o be x(l). What is the tens digit of o + 3 + 23 + 2?
2
Suppose 8*v = 6*v. Let a(h) = h**2 - h. Let z be a(v). Suppose z = -3*o - 0 + 27. What is the units digit of o?
9
Suppose 5*y + 2*w = -0*w - 8, 4*w + 16 = -y. Suppose y = -2*z + 6*z - 76. What is the units digit of z?
9
Let p be 99/45 + (-4)/(-5). Suppose 125 = p*l - 73. What is the units digit of l?
6
Let d = -43 + 537. What is the hundreds digit of d?
4
Let t(x) = -141*x - 359. What is the hundreds digit of t(-16)?
8
What is the units digit of (-10)/2*(-9 - 4) + 0?
5
Let w(h) = 39*h - 88. What is the hundreds digit of w(19)?
6
Let m(u) = u - 2. Let v be m(0). Let o(y) = y**2 + 6*y + 10. Let z be o(-3). What is the tens digit of v/(2/(-27 - z))?
2
What is the tens digit of 1*2 - (23 + 13463)/(-11)?
2
What is the hundreds digit of (-6120)/3*(392/(-40) - -9)?
6
Let i = -101 + 255. What is the units digit of 7590/i + 4/(-14)?
9
Suppose -96 = -4*u - 88. Suppose -u*q - 2 = -6, 0 = 4*a + q - 166. What is the tens digit of a?
4
Suppose -c - 4*n + 178 = -25, 2*c - 5*n - 419 = 0. Suppose 13*t - 12*t = c. What is the units digit of t?
7
Let h(w) = 4 + 0*w + 11*w + 7*w + 8. What is the tens digit of h(8)?
5
Let b(i) = -i**2 + 12*i + 3. Let x be b(12). Suppose -15 = x*d - 3. What is the tens digit of (1*17)/(d + 5)?
1
Suppose -813 = -5*n - 188. Suppose -i + 4*r = -22, 4*i - 17 - n = -2*r. Let h = -21 + i. What is the units digit of h?
3
Let c = -248 + 117. Let t(z) = -z**2 + z + 200. Let n be t(0). Let o = c + n. What is the units digit of o?
9
Suppose 893 = -20*k + 23*k - 4*x, 2*x = -3*k + 917. What is the hundreds digit of k?
3
Let d = -1255 + 1810. What is the hundreds digit of d?
5
Let o be -1*(-23 + 3)/(-2). Let j(v) be the second derivative of -v**4/12 - 5*v**3/2 - 7*v**2 + v. What is the tens digit of j(o)?
3
Suppose -5*i + i + 24 = 0. Let s(o) = -i*o + 2*o + o**2 + 1 + 3 - 3. What is the units digit of s(4)?
1
Suppose 90*y - 78432 = 52*y. What is the tens digit of y?
6
Let d(h) = 570*h + 15*h**2 + 13 - h**3 - 569*h + 4. What is the tens digit of d(15)?
3
Let d(u) = 2*u**2 + u. Let w be d(1). Suppose -4*q + 212 = c, -q + w*c = -103 + 37. What is the tens digit of q?
5
Suppose 0 = -34*u + 29*u + 160. Suppose -v = -23 - u. What is the tens digit of v?
5
Suppose 3*j - 684 = 2*w, 49 + 183 = j - 2*w. Suppose -2*a + j = 2*t + 2*t, -25 = -5*t. What is the hundreds digit of a?
1
Let v = 5 - -9. Let l(o) = o**2 + 5*o + 10. Let i be l(-5). Let c = v - i. What is the units digit of c?
4
Let k(h) = h**2 - h + 1. Let u(d) = -d**3 - 2*d**2 + 5*d. Let t be u(-3). Let x(s) = -s**2 - 7*s - 4. Let b be x(t). What is the units digit of k(b)?
3
Suppose 179*t - 164*t - 5040 = 0. What is the units digit of t?
6
Suppose 0*y + 5*x = -y - 9, 0 = 2*y + 3*x + 4. Let g(r) = -8*r**2 + 8*r + 2. Let s(k) = k**2 - k. Let z(d) = y*g(d) + 12*s(d). What is the units digit of z(3)?
6
Let b(g) = -g**2 + 14*g + 1. Let r(d) = -d - 1. Let t(m) = -b(m) - 6*r(m). Let o be t(7). What is the tens digit of o/((-4)/34 - 0)?
1
Let q(x) = -x**3 - 8*x**2 - 2*x + 4. Let w(l) = -l - 3. Let h be w(-13). Let m = h - 18. What is the tens digit of q(m)?
2
Let i(y) = 14*y**2 - y - 64. What is the units digit of i(-6)?
6
Suppose o + 2648 = 42*g - 37*g, -4*g = 4*o - 2128. What is the tens digit of g?
3
Suppose 8*u = 68 + 4. Suppose 3*i - u*i + 378 = 0. What is the units digit of i?
3
Let y(l) = -4*l**3 + l**2 - l - 2. Let i be y(-1). Suppose 6*b - 3*b = h, 2*b = -i*h. Suppose b = -2*d + 6 - 0. What is the units digit of d?
3
Suppose -82*p + 37240 = -54*p. What is the hundreds digit of p?
3
What is the hundreds digit of (33486/9 - 2)/(16/24)?
5
Let v be 341/(-22) - (-1)/2. Let z(w) = w**3 + 16*w**2 + 6*w + 18. What is the tens digit of z(v)?
5
Suppose -2*j = -h + 837 - 122, 2*h = -5*j + 1430. What is the units digit of h?
5
Let i be (-24)/(-7) - (-12)/21. Suppose 6*r = 3*r - 4*w + 878, -i*r = -w - 1158. What is the units digit of 2/(-6) + r/15?
9
Let r = 9 + 49. Suppose -i + k + k = -r, k = 4. What is the units digit of i?
6
Let k(m) = 8*m**3 - 7*m**2 - 6*m + 6. What is the tens digit of k(5)?
0
Let s = 3786 + -2476. What is the units digit of s?
0
Let o(c) = c**3 - 9*c**2 + 2*c + 7. Let s(z) = -z**2 - 13*z - 13. Let p be s(-11). Let q be o(p). Let y = 3 + q. What is the units digit of y?
8
Let i(o) = -o + 0*o + 2 + 1 + 5*o - 3*o**2 - o**3. Let k be i(-4). What is the units digit of -2*k*(-24 - -16)?
8
Suppose -g = -4*f - 31, -2*g - 22 = -3*g - 5*f. Let x = 71 - g. What is the units digit of x?
4
Suppose 4*a = 172 - 420. Let f = a + 129. What is the tens digit of f?
6
Let j be 4*3/(-72) + 182/12. What is the tens digit of (-231)/(-6) - (j/(-6) - -2)?
3
Let d(m) = 5*m**2 + 8*m + 5. Let j be d(-6). Let x(k) = k + 6*k**3 + 2*k + k**2 - j + 136. What is the tens digit of x(2)?
5
Let w be ((-24)/20)/((-6)/40). Let f be w/16 - 7/(-2). What is the tens digit of 132/8 + (-2)/f?
1
Suppose -4*k = 5*h - 6261, -3098 = -8*k + 6*k + 4*h. What is the hundreds digit of k?
5
What is the thousands digit of -1040*17/((-255)/18)?
1
Let q(x) = 0 + 2 + 3*x**2 + 0*x - 1 - 2*x. Let r be (7/(-3) - -2)/((-1)/6). What is the units digit of q(r)?
9
What is the units digit of (-14)/(-35)*905 + 6?
8
Let s = 414 - 271. Let o = s + -85. What is the units digit of o?
8
Let y be (370/(-10))/(-1*1). Let z = 64 - y. What is the tens digit of z/(-2)*56/(-21)?
3
Suppose 5*p = p + 260. Suppose -5*n + p = -0*n. What is the units digit of n?
3
Suppose -2*w + 988 = -0*w. Let a = -324 + w. What is the hundreds digit of a?
1
Let f(z) = 543*z - 856. What is the thousands digit of f(6)?
2
Suppose 5*s = 3*o + 13, 0 = -3*s + s - 4*o + 26. Suppose 3*c + s*m = 19 + 10, -20 = -5*m. Suppose 42 = c*p - p. What is the tens digit of p?
2
Let g = 7260 + -2936. What is the hundreds digit of g?
3
Let b(l) = -3*l - 8. Let q be b(-6). Suppose 2*n = -0*n + q. Suppose -21 = -n*w + 4*w. What is the units digit of w?
1
Let p(f) = f - 7. Let i be p(4). Let o = 65 - i. What is the units digit of o?
8
Let j(f) = -f**3 - 4*f**2 - 6*f - 5. Let a(y) = y**2 - y. Let w(d) = -a(d) + j(d). Let q be w(-6). Let i = q - 12. What is the tens digit of i?
4
Suppose 0 = 5*s + 36 - 591. Let b = s - 67. What is the units digit of b?
4
Let o(k) = -15*k + 8. Let g(b) = -7*b + 4. Let s(j) = 7*g(j) - 4*o(j). Let z be s(6). What is the units digit of 12/(-36) - z/(-6)?
0
Let f be (3 + 3)*1/3. Let y be 3 - (f - 0 - 67). Suppose -y = 2*v - 6*v. What is the tens digit of v?
1
Let v = 18 + -10. Let i(m) = 32*m - 32. Let b(l) = -11*l + 11. Let q(d) = v*b(d) + 3*i(d). What is the tens digit of q(4)?
2
Suppose 7*o = -10*o + 30396. What is the tens digit of o?
8
Suppose -w - w - 26 = -h, 4*h = -w + 149. Suppose -33*u - h = -36*u. What is the units digit of u?
2
Suppose j = 10 + 11. Let m = j + -12. What is the tens digit of m/(-3)*(-44)/6?
2
What is the hundreds digit of (-6)/360*-8 + (-32366)/(-30)?
0
Suppose t - 153 = 5*q - 3345, 2562 = 4*q + 2*t. Suppose 3 = h, 0 = -5*l - 3*h + 260 + q. What is the tens digit of l?
7
Let y(d) = 21*d - 12. Let v(z) = -11*z + 6. Let w(h) = -5*v(h) - 2*y(h). What is the units digit of w(4)?
6
Let c(y) = 8*y**2 + 11*y - 31*y + 0*y**2 + 15*y. What is the units digit of c(4)?
8
Suppose 8*x = 4*x - 24. Let m = -12 - -15. What is the units digit of 2 + m + x/2?
2
Let l(j) be the first derivative of j**4/2 - 8*j**3/3 + j**2 + 3*j + 13. Let m = 0 - -5. What is the units digit of l(m)?
3
Su